of 7*o**5/60 + 17*o**4/6 + 13*o**3/6 + 221*o**2 + o. What is h(-9)?
-32
Let z(d) = -d**3 - 14*d**2 + d + 19. Let g(r) = -r**3 - 19*r**2 - 48*r - 12. Let p be g(-16). Let a be ((-8)/p)/((-41)/(-21) + -2). Calculate z(a).
5
Let m(z) = -z**2 + 9*z - 61. Let q(a) = -2*a. Let t(r) = -m(r) + 3*q(r). Let k be t(8). Let p(f) = f**2 - 3*f - 1. Calculate p(k).
9
Let m(d) = -7*d - 19. Suppose 18*g - 9*g + 36 = 0. Let k be 3 + (-51)/6 - (-2)/g. Let q(z) = -15*z - 39. Let l(r) = k*q(r) + 13*m(r). What is l(-10)?
-3
Let q(x) be the first derivative of -7*x**2/2 + 53*x + 13230. Give q(5).
18
Let i(j) = -j**2 - 15*j - 3. Let l = -2151 + 2139. Determine i(l).
33
Suppose -7*k + 2*k = 25, 0 = 5*h - 5*k - 30. Let b(w) = -h + 550*w**2 + 550*w**2 - 1105*w**2 + 3*w + 2*w**3. Give b(3).
17
Let t = 3 + 2. Suppose -4*w = 5*l - 21, 7*w = -l + 8*w + 6. Let f(o) = 0 + 33*o - 67*o - l + 32*o. What is f(t)?
-15
Suppose k = -4*f + 4*k + 4, 5*f - 5 = k. Let m be 2/2*23/23. Let r(a) = 3*a**3 - 1649*a - 6*a**3 + 1649*a + m. Calculate r(f).
-2
Let m(i) = -1 + 5*i**2 - 28*i - 34*i - 13*i**3 + 12*i**3 + 58*i. Suppose 0 = 2*a - 0*a - 4. Suppose -21 = -4*r - u, -2*u - a*u + 24 = r. Determine m(r).
-1
Let k(o) be the first derivative of -o**3/3 - o**2/2 - 1. Suppose -102*u + 97*u = b, u = 4*b - 42. Calculate k(u).
-2
Let h(m) = -59*m + 124. Let q be h(2). Let y(l) = 10*l + 18. Determine y(q).
78
Let n(d) = -d**3 + 7*d**2 + 4*d + 8. Suppose -568 = -9*f + f. Let o = 79 - f. What is n(o)?
-24
Let s = 774 - 770. Suppose s*p = 142 - 194. Let t(i) = -i - 2. Calculate t(p).
11
Let i(u) be the third derivative of -u**4/24 + 5*u**3/6 + 22*u**2. Let y = -8832 - -8835. Give i(y).
2
Let b(f) be the first derivative of f**2/2 + f - 5. Let l be (5 - 435/85) + ((-95)/(-85) - 1). Give b(l).
1
Let y(x) = x**2 - 16*x - 19. Suppose 0 = -2*g + 2*d - 16 + 48, -18 = -g - d. Determine y(g).
-2
Let o(j) be the second derivative of 7*j**5/120 + j**4/6 + j**3/6 + 11*j**2 - 69*j. Let t(p) be the second derivative of o(p). Give t(-3).
-17
Suppose -2*f = 2*f - 32. Suppose h + 52 - f = 5*r, -3*r = h - 20. Let j(t) = 7 - r + t + 0 + 0*t. Calculate j(3).
2
Let x(v) be the third derivative of -v**4 + 7*v**3/2 + 4*v**2 - 2*v + 220. Calculate x(0).
21
Let x = -153 - -139. Let d = x - -15. Let l(j) = 6*j**2 + 4. Let t(b) = 13*b**2 + 7. Let c(r) = -5*l(r) + 3*t(r). What is c(d)?
10
Let c(x) be the first derivative of -x**2 - 2*x**2 - 96 + 25347*x - 25364*x + x**2. Calculate c(-6).
7
Let s(j) = 7*j**2 - 8*j - 1. Let w be s(3). Suppose 0 = -35*p + w*p - 18. Let r(i) = -2*i + 4. Give r(p).
-8
Let s(d) be the third derivative of d**4/24 - d**2. Suppose 143*o - 147*o - 3*z = -57, -2*z = -3*o - 4. Calculate s(o).
6
Let z be -6*(-2)/3*(-36)/(-48). Let i(u) = 4 + 6 - 2 + 6*u - z*u**2 - 5 - u**3. Let d = -6 + 2. Calculate i(d).
-5
Let r(a) = 16*a - 112. Suppose 0 = -60*s - 64*s + 878 - 10. What is r(s)?
0
Let c(g) = -1 - g**2 - 6 - 6. Suppose 2*w = -18*u + 23*u - 71, 0 = -5*u - 4*w + 53. Suppose 7*d = u*d. Give c(d).
-13
Let z(b) be the first derivative of b**7/840 - b**6/60 + b**5/120 + 5*b**4/24 + 13*b**3/3 - b**2 - 1. Let c(p) be the third derivative of z(p). Give c(4).
-23
Let y(s) be the third derivative of s**4/4 - 7*s**3/3 + s**2 + 328. What is y(3)?
4
Suppose -2*o = 2*u - 4*o - 20, 5*u - 4*o - 45 = 0. Let k(w) = -u*w**2 - 8*w**3 - 2*w + 15*w**3 - 3*w**3 - 5*w**3. What is k(-3)?
-12
Suppose -3*m - 27 = 3*h, -29 = 2*h + 3*h - 3*m. Suppose 0 = 70*q - 77*q + 70. Let j(a) = 12*a + a**3 - 35*a**2 + 40*a**2 - 5*a - 16*a + q. Give j(h).
-25
Let y(c) be the second derivative of c**5/20 + 11*c**4/6 + 19*c**3/3 - 28*c**2 - 4*c - 38. Calculate y(-20).
-16
Let l be 5 + -9 - (1 - 0 - 9). Let k(d) = -3 - d**3 + l*d**2 - 2*d + 0*d - 5*d**2. Let c = -3 - 0. Give k(c).
21
Let s(d) = d**3 - 3*d**2 + 2*d - 5. Let m(i) = -3*i**3 + 4*i**2 - 5*i + 9. Suppose -6*w = -w - 5, 0 = q + 2*w + 3. Let n(o) = q*s(o) - 2*m(o). Give n(-7).
7
Let k(l) be the second derivative of l**5/5 + 5*l**4/6 + l**3/3 - l**2/2 + 943*l - 1. Calculate k(-2).
3
Let p = 1148 - 524. Let m = p + -611. Let n(f) = -f**2 + 12*f + 3. Give n(m).
-10
Let k(o) = -109*o**3 - 68*o**2 - 75*o - 60. Let l(j) = 23*j**3 + 14*j**2 + 15*j + 12. Let a(z) = 4*k(z) + 19*l(z). Determine a(8).
-4
Let m = 2408 - 2405. Let c(x) be the first derivative of 4*x**m + 17 + 0*x - 1/2*x**2. Give c(-1).
13
Let p = 258 + -258. Let y be 6 - p/(9/(45/10)). Let h(g) = 9*g + 32. Let u(s) = 3*s + 11. Let l(m) = 4*h(m) - 11*u(m). Give l(y).
25
Let w = 19 - 15. Let r(k) = -7*k - 4. Let x(o) = -36*o - 22. Let j(b) = 16*r(b) - 3*x(b). What is j(w)?
-14
Let d(r) = -46 + 14 - 7*r + 15 - 73 - 51. Determine d(-19).
-8
Let g = -154 + 149. Let y(z) be the first derivative of -z**5/20 - 5*z**4/12 - 5*z**2/2 + 18*z - 2. Let n(h) be the first derivative of y(h). Calculate n(g).
-5
Suppose 238 = 2*b + 2*k - 62, 4*b + k = 615. Let j(o) = b*o + 162*o - 316*o + 10. What is j(-7)?
3
Let g(l) be the third derivative of l**5/30 + 13*l**4/24 - l**3/3 + l**2. Let t = 570929 + -570936. Determine g(t).
5
Let t(i) = 2*i**2 + 3*i + 3. Let s(j) = j**3 + 7*j**2 + 4*j + 1. Let l be s(-6). Let f be 2/(-4)*(l - -13). Let z = f - -11. What is t(z)?
5
Let w(i) = -3*i + 12. Let u(j) = j**3 - 16*j**2 - 258*j - 62. Let y be u(26). What is w(y)?
42
Let j be (6 + 5)*120/(-660). Suppose -3*m = -0*m - 6. Let l(x) = -3*x**3 - 3*x - 1 + x**m + x**3 - 4*x**2. Determine l(j).
9
Let d = -40 + 39. Let f be (-24)/(-72)*(d + 4). Let p(a) = 7*a - 2. Let x be p(f). Let v(w) = -w**3 + 6*w**2 - 2*w - 6. What is v(x)?
9
Let x(n) be the second derivative of 0 - n**2 + 1/2*n**3 + 261*n. Determine x(-8).
-26
Let a = -3 - -2. Let f = 2 - a. Let s(o) = 4184 + 2*o - 2098 - 2088. Give s(f).
4
Let r(j) = -j**2 - 10*j - 21. Suppose -144*t + 145*t - o = 2, 10 = -2*o. What is r(t)?
0
Let a(i) = -16*i + 1. Let z(h) = -111*h + 14. Let t(f) = 28*a(f) - 4*z(f). Give t(-12).
20
Let l(d) be the first derivative of d**4/4 + 5*d**3/3 + 3*d**2/2 - 2*d - 3. Let z = -2069 + 2066. Determine l(z).
7
Let o(d) = d**3 + 10*d**2 + 7*d - 10. Let h(c) be the first derivative of -c**2/2 - 43*c + 11. Let t be h(-34). Determine o(t).
8
Suppose 2 = -4*n - 2*t, 5*t + 6 = -5*n + 6*t. Let i be (3/6)/(((-3)/(-36))/n). Let h(p) = p**2 + 5*p - 3. Calculate h(i).
3
Let i = 12253 - 12252. Let u(w) = 49*w + 9. Determine u(i).
58
Suppose 219 - 211 = 2*s. Let h be s/22 + (-720)/(-880). Let k(u) = 22*u**2 - u. Calculate k(h).
21
Suppose -4*w = -5*a - 22, -w - 2*a + 2 = w. Let l(t) = -11*t**2 + 21*t**2 - 15*t**2 - 1 + 25*t**2 - 5*t - t**3 + 5 - 16*t**2. Calculate l(w).
-2
Let i(v) = 9*v - 74. Let t(r) = 26*r - 196. Let a(g) = -8*i(g) + 3*t(g). Give a(-2).
-8
Suppose 127*m = 128*m + 6. Let q be 77/(-44)*(-4)/(-14)*m. Let o(y) = -y**3 + 3*y**2 - 7. Calculate o(q).
-7
Let t(w) = -w**3 - 9*w**2 - 5*w + 14. Suppose 0 = -36*i - 57 - 231. Let s be t(i). Let n(g) = g**2 + 12*g + 13. What is n(s)?
-7
Let v(x) = -x**2 + 2. Let z(j) be the third derivative of 1/3*j**3 + 0*j + 1/15*j**5 - 1/120*j**6 - 1/8*j**4 + 0 + 16*j**2. Let w be z(3). Calculate v(w).
-2
Let f(r) = -r**3 - 78*r**2 + 353*r + 8911. Let n be f(-81). Let l(p) = p**3 + 7. Let d be l(0). Let o(k) = 0*k**2 - d*k**2 + k**2 + 2*k - 1. What is o(n)?
-5
Let h(f) = f**3 + 2*f**2 - 4*f + 3. Suppose 9 = 2*a + 5*g, -5*a = 3*g - 20 + 7. Calculate h(a).
11
Let g(j) = 6*j**2 + 20*j + 1. Let f(u) = 2*u**2 + 11*u + 1. Let b(y) = 2*f(y) - g(y). Let h(i) = -i + 6. Let q = 0 + 7. Let m be h(q). Give b(m).
-3
Let l(r) = 2*r**2 + 26*r + 65. Let u(d) = -21*d**2 + 329*d + 104. Let z be u(16). Determine l(z).
-15
Let l(z) = -2*z + 2. Suppose 0 = 21*b + 29 - 29. Let r be ((-1)/(-2) + 1)*6. Suppose b = -x - r + 7. What is l(x)?
6
Let o(k) be the first derivative of -k**3/3 + 7*k**2/2 - 3*k - 2632. Calculate o(7).
-3
Let f(c) = c**2 + c - 51. Let n be f(-8). Let o(g) = -n*g**2 - 19*g**2 - 3*g + 4*g - 2*g. Calculate o(-1).
-23
Let d = -942 + 933. Let k(t) = 14*t + 114. Calculate k(d).
-12
Suppose 13*z = 15114 - 15218. Let t(j) = 28*j + 194. What is t(z)?
-30
Let h(l) = -l. Suppose 0 = -11*i + 20 + 35. Let n(c) = -c**2 + 5*c - 1. Let f(a) = i*h(a) - n(a). Determine f(8).
-15
Let i(r) = r**3 + 7*r**2 + 6*r - 11. Let d be i(-3). Let l(u) = -1 + 3*u + d*u - u. Let z be (-2)/(-12)